 divided by 328.
158
Calculate the remainder when 5581965 is divided by 518.
515
What is the remainder when 10698388 is divided by 4937?
4846
What is the remainder when 368644 is divided by 7236?
6844
Calculate the remainder when 623251 is divided by 1123.
1109
What is the remainder when 3735250 is divided by 1115?
0
What is the remainder when 759763 is divided by 36178?
25
What is the remainder when 23772 is divided by 1830?
1812
What is the remainder when 1150341 is divided by 5090?
1
Calculate the remainder when 1245131 is divided by 414962.
245
What is the remainder when 1535717457 is divided by 13645?
13642
What is the remainder when 35112 is divided by 1617?
1155
What is the remainder when 1448846 is divided by 241442?
194
Calculate the remainder when 16133056 is divided by 1524.
1516
Calculate the remainder when 149932 is divided by 24882.
640
Calculate the remainder when 147116 is divided by 3586.
90
Calculate the remainder when 18499802 is divided by 1971.
1967
Calculate the remainder when 12276064 is divided by 5280.
64
Calculate the remainder when 5495511 is divided by 4407.
4389
What is the remainder when 55282441 is divided by 131939?
0
What is the remainder when 2626959 is divided by 26?
23
What is the remainder when 163317467 is divided by 5640?
5627
Calculate the remainder when 570881 is divided by 493.
480
Calculate the remainder when 4359521 is divided by 5805.
5771
What is the remainder when 24594098 is divided by 1289?
1267
Calculate the remainder when 44826 is divided by 2309.
955
What is the remainder when 67942 is divided by 5189?
485
What is the remainder when 329639 is divided by 47?
28
What is the remainder when 1464562 is divided by 1107?
1
What is the remainder when 9836434 is divided by 9966?
9958
Calculate the remainder when 189191 is divided by 596.
259
Calculate the remainder when 1266554 is divided by 1497.
92
What is the remainder when 9235 is divided by 2979?
298
Calculate the remainder when 68568 is divided by 1105.
58
What is the remainder when 3090747 is divided by 515122?
15
What is the remainder when 2506300 is divided by 262?
8
What is the remainder when 169874 is divided by 54205?
7259
Calculate the remainder when 431808 is divided by 86314.
238
Calculate the remainder when 7764257 is divided by 254.
239
What is the remainder when 533860 is divided by 1376?
1348
Calculate the remainder when 254804055 is divided by 14.
9
Calculate the remainder when 7546081 is divided by 693.
4
What is the remainder when 285841 is divided by 1787?
1708
What is the remainder when 23817670 is divided by 2787?
2755
What is the remainder when 205218 is divided by 518?
90
What is the remainder when 176899 is divided by 87465?
1969
What is the remainder when 426344 is divided by 38631?
1403
Calculate the remainder when 643547 is divided by 377.
8
What is the remainder when 2420861 is divided by 605193?
89
What is the remainder when 21451 is divided by 10642?
167
Calculate the remainder when 3334858 is divided by 423.
349
What is the remainder when 112286474 is divided by 562?
560
Calculate the remainder when 22372509 is divided by 1737.
1686
Calculate the remainder when 29155995 is divided by 37.
32
Calculate the remainder when 94561973 is divided by 139.
134
Calculate the remainder when 26422124 is divided by 4403682.
32
Calculate the remainder when 1409739 is divided by 61293.
0
Calculate the remainder when 218993 is divided by 218872.
121
What is the remainder when 1767662 is divided by 17855?
17
What is the remainder when 732925 is divided by 13572?
37
What is the remainder when 80146 is divided by 40044?
58
What is the remainder when 28955166 is divided by 934037?
19
What is the remainder when 29549 is divided by 4900?
149
Calculate the remainder when 937048 is divided by 151.
93
What is the remainder when 80888 is divided by 4039?
108
Calculate the remainder when 140083 is divided by 17481.
235
Calculate the remainder when 465800 is divided by 4086.
4082
What is the remainder when 115465 is divided by 1603?
49
What is the remainder when 20453111 is divided by 249?
2
What is the remainder when 5179145 is divided by 863187?
23
Calculate the remainder when 6332 is divided by 1238.
142
What is the remainder when 2909372 is divided by 860?
852
Calculate the remainder when 10191022 is divided by 362.
360
Calculate the remainder when 20774686 is divided by 11.
9
What is the remainder when 73617 is divided by 1178?
581
Calculate the remainder when 16717230 is divided by 28479.
57
What is the remainder when 17687 is divided by 2138?
583
What is the remainder when 13383 is divided by 660?
183
Calculate the remainder when 804113 is divided by 160492.
1653
Calculate the remainder when 2952590 is divided by 1480.
1470
Calculate the remainder when 196642259 is divided by 7716.
7715
Calculate the remainder when 14851336 is divided by 7463.
7429
What is the remainder when 46957362 is divided by 2?
0
What is the remainder when 46209653 is divided by 181?
172
Calculate the remainder when 478928 is divided by 3381.
2207
Calculate the remainder when 6467 is divided by 2859.
749
Calculate the remainder when 5169529 is divided by 184623.
85
What is the remainder when 6812502 is divided by 756943?
15
Calculate the remainder when 1836047 is divided by 10994.
49
What is the remainder when 179963 is divided by 1017?
971
What is the remainder when 136550663 is divided by 1394?
1393
Calculate the remainder when 163848941 is divided by 195.
191
What is the remainder when 3418641 is divided by 3418477?
164
Calculate the remainder when 55365 is divided by 18118.
1011
What is the remainder when 28315 is divided by 1989?
469
Calculate the remainder when 383186 is divided by 197.
21
What is the remainder when 1349568 is divided by 98?
10
What is the remainder when 7421241 is divided by 21?
9
What is the remainder when 8324547 is divided by 597?
576
Calculate the remainder when 1314227 is divided by 219035.
17
Calculate the remainder when 59399 is divided by 62.
3
What is the remainder when 1395402 is divided by 82082?
8
Calculate the remainder when 202537 is divided by 33318.
2629
What is the remainder when 9784049 is divided by 2109?
398
What is the remainder when 4114438 is divided by 10134?
34
What is the remainder when 147243 is divided by 115?
43
Calculate the remainder when 32456849 is divided by 153.
41
What is the remainder when 172826460 is divided by 64?
28
Calculate the remainder when 100389 is divided by 9912.
1269
What is the remainder when 2608363 is divided by 337?
320
Calculate the remainder when 1295632 is divided by 323908.
0
Calculate the remainder when 481623 is divided by 11746.
37
What is the remainder when 16669898 is divided by 4373?
22
Calculate the remainder when 1305735 is divided by 435241.
12
Calculate the remainder when 96428 is divided by 2922.
2
What is the remainder when 6780972 is divided by 487?
471
Calculate the remainder when 10741601 is divided by 572.
13
What is the remainder when 15361306 is divided by 249?
247
What is the remainder when 5695256 is divided by 177975?
56
Calculate the remainder when 29220 is divided by 1401.
1200
What is the remainder when 11059 is divided by 9964?
1095
Calculate the remainder when 22499058 is divided by 91.
36
Calculate the remainder when 10854 is divided by 1769.
240
What is the remainder when 316952 is divided by 79226?
48
Calculate the remainder when 399490 is divided by 199690.
110
What is the remainder when 331497 is divided by 1094?
15
Calculate the remainder when 1660816 is divided by 166080.
16
What is the remainder when 11215307 is divided by 136772?
3
What is the remainder when 119187109 is divided by 188?
185
What is the remainder when 2370590 is divided by 790176?
62
Calculate the remainder when 11230118 is divided by 5615051.
16
What is the remainder when 14696289 is divided by 24?
9
Calculate the remainder when 578790 is divided by 1070.
990
What is the remainder when 100937596 is divided by 8?
4
What is the remainder when 68018645 is divided by 3?
2
Calculate the remainder when 6332815 is divided by 595.
230
What is the remainder when 1044226 is divided by 4620?
106
Calculate the remainder when 884663 is divided by 318.
305
Calculate the remainder when 8663544 